3*p + o = 3*o + 65. Calculate the remainder when l is divided by p.
19
Let h be (-5 + 8)*2*1. Suppose -h*t = -5*t - 6. Calculate the remainder when 27 is divided by t.
3
Let k be 11/5 + 2/(-10). Suppose k*w = a + 11, -4 = w - 4*w + 4*a. Calculate the remainder when w is divided by 2 - (-1 + 7)/(-2).
3
Let m be 7/((-7)/4) + -2. Calculate the remainder when (-46)/m - 8/(-24) is divided by 5.
3
Let g = 15 - 10. Let p = -8 + g. Let c = p + 7. Calculate the remainder when 6 is divided by c.
2
What is the remainder when (58/(-3))/((-12)/18) is divided by 6?
5
Suppose 5*y + 0 = 4*p + 13, y - 11 = -2*p. Suppose 2 = p*v - 7. Suppose -2*z + 5*k = 11, 53 = -0*z + 4*z + 5*k. What is the remainder when z is divided by v?
1
Suppose 5*r = 18 - 8. Calculate the remainder when 9 + 2/r + 0 is divided by 4.
2
Let a = 25 + -12. What is the remainder when a is divided by 2/5 + (-33)/(-5)?
6
Let f = -91 - -43. Suppose -6*g + g = 4*a + 13, 2*a + 3 = g. Calculate the remainder when a/1 - f/3 is divided by 8.
6
Suppose 5*i - 42 = 3*h, -4 = -4*i + 3*i + 5*h. Suppose d = -2*d + 24. What is the remainder when (100/(-6))/(d/(-12)) is divided by i?
7
Suppose -7 = -2*k + 9. What is the remainder when (-62)/(-4)*(3 + -1) is divided by k?
7
Let v = 152 - 94. What is the remainder when v is divided by 30?
28
What is the remainder when (16 - -50)*((-10)/(-4) + -2) is divided by 17?
16
Let q(z) = 12*z + 2. Let w = -2 - -4. Suppose -m + 1 + w = j, 5*m - 5 = 0. What is the remainder when q(j) is divided by 9?
8
Let w(p) = -p**2 - 6*p. Let c be w(-6). Suppose c*g + g = 16. What is the remainder when 30 is divided by g?
14
Let p = 124 - 81. Let v = -29 + p. What is the remainder when 39 is divided by v?
11
Suppose 13 = 2*a + 3*b, -4*a - b = -2*b - 19. What is the remainder when a + 2/(4 + -3) is divided by 2?
1
Let o(m) = m + 2. Let k be o(-3). Let c(i) = -21*i**3 + i**2. What is the remainder when c(k) is divided by 8?
6
Suppose -q - 46 - 11 = -3*r, -4*r + 74 = -2*q. Let y = r - 10. Calculate the remainder when 19 is divided by y.
9
Suppose -5*g - 47 = -3*l, 58 = -0*l + 4*l - 2*g. Let f be (2 + -5)/(3/(-16)). Let k = f - 8. Calculate the remainder when l is divided by k.
6
Suppose 11*k = -k + 168. Calculate the remainder when k is divided by 4.
2
Let o = 54 + -33. Suppose -3*q + 2*y = -112, 4*q + 100 = 6*q + 5*y. What is the remainder when q is divided by o?
19
Let v(z) = -z + 33. Calculate the remainder when 32 is divided by v(16).
15
Let y(g) = g**3 - 8*g**2 + 6*g - 9. What is the remainder when 232 is divided by y(8)?
37
Suppose 0 = -6*i + 9*i - 48. What is the remainder when 63 is divided by i?
15
Suppose 20 = w - 31. What is the remainder when w is divided by 18?
15
Suppose 15 = -3*g - 3*w, -g = -8*w + 4*w - 15. Calculate the remainder when 44 is divided by (3/(-6))/(g/46).
21
Let l(k) = -5*k + 2. Let m(j) = -26*j + 9. Let o(v) = -11*l(v) + 2*m(v). Let g be o(3). Let d = 6 + g. Calculate the remainder when 43 is divided by d.
10
Let n(r) = r**3 - 2*r**2 - 18*r - 3. Calculate the remainder when 162 is divided by n(6).
30
Suppose 5*b - 11 = 9. Let k be 2/(1/(-3) + 1). Suppose -5*a = -3*h - 11, 3*a - 9 - k = 0. What is the remainder when b is divided by h?
1
Let k(l) = -15*l - 3. What is the remainder when 206 is divided by k(-3)?
38
Let a(y) be the first derivative of -2*y**2 + 2/3*y**3 + 2 + 2*y. What is the remainder when a(3) is divided by 3?
2
Let z(m) = -4 - m + 3 + 4*m**2 - m - 1. Calculate the remainder when 82 is divided by z(3).
26
Suppose -25 = 4*k - 9. Let v = k - -23. Suppose -15 = -3*x + 6. Calculate the remainder when v is divided by x.
5
Suppose -3*d = -0*d - 369. Suppose -3*x + 0*x = -d. What is the remainder when x is divided by 22?
19
Calculate the remainder when ((-290)/(-25))/(48/20 - 2) is divided by 3.
2
Let r(j) = 2*j - 5. Calculate the remainder when r(7) is divided by 4.
1
Let g(w) = -3*w - 7. Calculate the remainder when 30 is divided by g(-8).
13
Let r = 31 - -42. Calculate the remainder when r is divided by 5.
3
Let f(m) = -10*m - 7. Let t be f(-7). Suppose 5*h - 2*u = t, -4*u = 5*h + u - 70. Calculate the remainder when 25 is divided by h.
12
Suppose 5*h - 15 = 3*t, 0 = -2*t - 3*t. What is the remainder when 6 is divided by h?
0
Suppose o + 4*l = 123, 3*o - 4*l + 250 = 5*o. Calculate the remainder when o is divided by 32.
31
Let v(h) = h**3 - 4*h**2 - 3*h - 6. Let j be v(5). Suppose j = 3*r - 32. Suppose 0 = -4*g + 24 + 4. What is the remainder when r is divided by g?
5
Suppose -3*z + 7 = -2*d, z + d - 4 = -0*z. Calculate the remainder when 4 is divided by z.
1
Let p be ((-2)/(-4))/((-7)/(-42)). Suppose c - 5 = 0, -p*f - 2*c = -6*c + 11. Let l = -6 + 13. What is the remainder when l is divided by f?
1
Let a = -39 - -51. Calculate the remainder when 16 is divided by a.
4
Let k(f) be the third derivative of f**6/120 - f**5/10 + f**3/2 + 3*f**2. Calculate the remainder when 7 is divided by k(6).
1
Suppose -4*p - 3*b + 16 = b, 0 = -p - 5*b + 12. Calculate the remainder when 8 is divided by p.
0
Let r = 96 - 13. What is the remainder when r is divided by 21?
20
Let l = 95 - 86. What is the remainder when l is divided by 3?
0
Suppose 0 = 4*p - 4*s - 100, -p - 4*s + 47 = -3. What is the remainder when p is divided by 3*4 + (-5 - -9)?
14
Let a(c) = -c**2 - 6*c + 4. Let q(i) = -i**3 - 16*i**2 - 22*i - 41. What is the remainder when q(-15) is divided by a(-3)?
12
Let x = -90 - -99. What is the remainder when 16 is divided by x?
7
Suppose 5*m - 4*q = 69, -m + 30 = m - q. Let v = 3 + -6. Calculate the remainder when 8/((-1)/(v - 1)) is divided by m.
15
Suppose -5*j + 100 = -f, 3*j - 3*f = 55 + 17. Let d be 1/(-4) - (-324)/16. Let t = d + -13. What is the remainder when j is divided by t?
5
Suppose -2*x - 6*x + 200 = 0. What is the remainder when 71 is divided by x?
21
Let u(j) = j**3 - 4*j**2 - 3*j - 5. Suppose -3*d - 5*n + 69 = 0, -n = -4*d + 2*n + 63. What is the remainder when d is divided by u(5)?
3
What is the remainder when (-216)/(-9) + -1 + 1 is divided by 15?
9
Suppose 0*i - i + 176 = 0. Let l = i - 122. What is the remainder when l is divided by 19?
16
Let p be (0 + 6)/2 - 1. Suppose 16 = 3*s + 5*x, 3*s - 6*x - 52 = -p*x. Let h(c) = c**3 - c**2 + 35. Calculate the remainder when h(0) is divided by s.
11
Suppose 0 = -5*h - 5. Let y = h - -11. Let v(z) = -z**2 + 16*z - 21. Calculate the remainder when v(13) is divided by y.
8
Calculate the remainder when (-44 + 3)/((4 - 2) + -3) is divided by 15.
11
Suppose -8 = -c + 13. What is the remainder when c is divided by 15 - 1 - (4 + -2)?
9
What is the remainder when 64 is divided by 1 + (80/(-3))/(-5)*3?
13
Let h(x) = -11 + 4*x**2 - 4*x**2 - x**2 - 11*x. Let q = 53 - 29. What is the remainder when q is divided by h(-8)?
11
Let z(m) = 10*m - 1. Let b(h) = h. Let d be b(3). What is the remainder when z(d) is divided by 10?
9
Let q(k) = k - 1. Let v be q(3). Let h = 2 + 3. Suppose -v*d - 141 = -h*d. What is the remainder when d is divided by 16?
15
Let v(p) = 7*p**2 - p - 1. Let g be -8*(3/6 + -1). Suppose -g*w + 20 = -16. What is the remainder when v(2) is divided by w?
7
What is the remainder when 487/5 - (-16)/(-40) is divided by 50?
47
Suppose 2*o = -10, 40 = 5*a - 0*o + 2*o. What is the remainder when 27 is divided by a?
7
Let y(p) = p + 9. Let d be y(-5). Suppose d*q + 55 = 183. What is the remainder when q is divided by 12?
8
What is the remainder when 114 is divided by (18/(-4) + 4)/(1/(-78))?
36
Let a = -35 + 48. Calculate the remainder when a is divided by 7.
6
Let f = 3 + -4. Let q be f/4 - (-724)/16. What is the remainder when (-5)/(-5) + (q - 0) is divided by 16?
14
Let a(n) = 6*n + 8. Let x be a(7). Let g = x - 35. What is the remainder when 28 is divided by g?
13
Suppose -69*x = -68*x - 11. Let f(u) = u**3 - 2. What is the remainder when x is divided by f(2)?
5
Let m(x) = 2*x + 4. What is the remainder when 33 is divided by m(4)?
9
Let d = 9 - 6. Calculate the remainder when 7 is divided by ((-1)/(-3))/(d/27).
1
Let n(g) = -4 + 4 - g - 2. Let i be n(-6). Suppose -j = i - 11. What is the remainder when j is divided by 4?
3
Let f(t) = t. What is the remainder when 8 is divided by f(3)?
2
Calculate the remainder when 6/(-9) - 22/(-6) is divided by 0 - -1 - (-1 + -1).
0
Let i(z) = -z**3 + z**2 - z